{"id":20,"date":"2023-04-11T10:20:06","date_gmt":"2023-04-11T10:20:06","guid":{"rendered":"https:\/\/matematicas.uclm.es\/wordpress\/?page_id=20"},"modified":"2026-04-21T15:17:23","modified_gmt":"2026-04-21T15:17:23","slug":"profesores-participantes","status":"publish","type":"page","link":"https:\/\/matematicas.uclm.es\/estalmat\/?page_id=20","title":{"rendered":"Profesores participantes"},"content":{"rendered":"\n<p>A continuaci\u00f3n se listan los profesores participantes en el proyecto ESTALMAT en Castilla-La Mancha.<\/p>\n\n\n\n<h3 class=\"wp-block-heading\"><strong>Albacete:<\/strong><\/h3>\n\n\n\n<ul class=\"wp-block-list\">\n<li>Sebasti\u00e1n&nbsp;Lajara L\u00f3pez (Coordinador del programa)<\/li>\n\n\n\n<li>Francisco Bl\u00e1quez Mart\u00ednez<\/li>\n\n\n\n<li>Joaqu\u00edn&nbsp;Bl\u00e1zquez Mart\u00ednez<\/li>\n\n\n\n<li>Francisco Javier Bl\u00e1zquez Merino<\/li>\n\n\n\n<li>Antonio Bueno Aroca<\/li>\n\n\n\n<li>Julio Garc\u00eda Morillas<\/li>\n\n\n\n<li>\u00c1ngel Manuel Gonz\u00e1lez Guill\u00e9n<\/li>\n\n\n\n<li>Jos\u00e9 Mar\u00eda L\u00f3pez Belinch\u00f3n<\/li>\n\n\n\n<li>Miguel \u00c1ngel L\u00f3pez Guerrero<\/li>\n\n\n\n<li>Mariano Lozano S\u00e1nchez<\/li>\n\n\n\n<li>Luis Luque Mart\u00ednez<\/li>\n\n\n\n<li>Raquel Mart\u00ednez Lucas<\/li>\n\n\n\n<li>\u00d3scar Mart\u00edn Escribano<\/li>\n\n\n\n<li>Braulio Montes Ib\u00e1\u00f1ez<\/li>\n\n\n\n<li>Eva Moreno S\u00e1nchez<\/li>\n\n\n\n<li>Rosa Carmen Mu\u00f1oz Segovia<\/li>\n\n\n\n<li>\u00c1ngel Ortiz Mart\u00ednez<\/li>\n\n\n\n<li>Miguel \u00c1ngel Palacios Iniesta<\/li>\n\n\n\n<li>Cecilia de la Pola Vindel<\/li>\n\n\n\n<li>Aurora Sanchis Puig<\/li>\n\n\n\n<li>Pablo Serrano Guill\u00e9n<\/li>\n\n\n\n<li>Elena Verdejo de Toro<\/li>\n<\/ul>\n\n\n\n<h3 class=\"wp-block-heading\"><strong>Ciudad Real<\/strong><\/h3>\n\n\n\n<ul class=\"wp-block-list\">\n<li>Miguel Ad\u00e1n Oliver<\/li>\n\n\n\n<li>Mariano Amo Salas<\/li>\n\n\n\n<li>Ernesto Aranda Ortega<\/li>\n\n\n\n<li>Alfredo Ballester<\/li>\n\n\n\n<li>Jos\u00e9 Carlos Bellido Guerrero<\/li>\n\n\n\n<li>V\u00edctor Cabezas<\/li>\n\n\n\n<li>Alberto Donoso Bell\u00f3n&nbsp;&nbsp; &nbsp;<\/li>\n\n\n\n<li>Gabriel Fern\u00e1ndez Calvo&nbsp;&nbsp; &nbsp; &nbsp;&nbsp; &nbsp;<\/li>\n\n\n\n<li>Mar\u00eda Mercedes Fern\u00e1ndez Guerrero<\/li>\n\n\n\n<li>Elena Gajate Paniagua&nbsp;&nbsp; &nbsp;<\/li>\n\n\n\n<li>Irene Garc\u00eda Camacha&nbsp;&nbsp; &nbsp; &nbsp;&nbsp; &nbsp;&nbsp;&nbsp; &nbsp;<\/li>\n\n\n\n<li>\u00c1ngel Garc\u00eda G\u00f3mez&nbsp;&nbsp; &nbsp;<\/li>\n\n\n\n<li>Mar\u00eda Jes\u00fas Guti\u00e9rrez Pedrero&nbsp;&nbsp; &nbsp; &nbsp;&nbsp; &nbsp;<\/li>\n\n\n\n<li>To\u00f1i L\u00f3pez&nbsp; &nbsp; &nbsp; &nbsp; &nbsp; &nbsp;&nbsp;<\/li>\n\n\n\n<li>Jos\u00e9 L\u00f3pez de los Mozos Cano&nbsp;&nbsp; &nbsp; &nbsp;&nbsp; &nbsp;&nbsp;&nbsp; &nbsp;<\/li>\n\n\n\n<li>Julio Alberto L\u00f3pez G\u00f3mez&nbsp;&nbsp; &nbsp; &nbsp;&nbsp; &nbsp;&nbsp;&nbsp; &nbsp;<\/li>\n\n\n\n<li>Jos\u00e9 \u00c1ngel L\u00f3pez Mateos&nbsp;&nbsp; &nbsp; &nbsp;&nbsp; &nbsp;&nbsp;&nbsp; &nbsp;<\/li>\n\n\n\n<li>Juan Jos\u00e9 Mu\u00f1oz Mu\u00f1oz&nbsp;&nbsp; &nbsp; &nbsp;&nbsp; &nbsp;&nbsp;&nbsp; &nbsp;<\/li>\n\n\n\n<li>Ra\u00fal Rivilla Bastante&nbsp;&nbsp; &nbsp; &nbsp;&nbsp; &nbsp;&nbsp;&nbsp; &nbsp;<\/li>\n\n\n\n<li>Luz Mar\u00eda S\u00e1nchez Garc\u00eda&nbsp;&nbsp; &nbsp; &nbsp;&nbsp; &nbsp;&nbsp;&nbsp; &nbsp;<\/li>\n\n\n\n<li>Sergio Peco Parente&nbsp; &nbsp; &nbsp; &nbsp; &nbsp; &nbsp;&nbsp;<\/li>\n\n\n\n<li>Pablo Pedregal Tercero&nbsp;&nbsp; &nbsp; &nbsp;&nbsp; &nbsp;&nbsp;&nbsp; &nbsp;<\/li>\n\n\n\n<li>Sergio Pozuelo&nbsp;&nbsp; &nbsp; &nbsp;&nbsp; &nbsp;&nbsp;&nbsp; &nbsp;<\/li>\n\n\n\n<li>\u00c1ngel Ruiz&nbsp; &nbsp; &nbsp; &nbsp; &nbsp; &nbsp;&nbsp;<\/li>\n\n\n\n<li>Gema Valent\u00edn&nbsp; &nbsp; &nbsp; &nbsp; &nbsp; &nbsp;&nbsp;<\/li>\n\n\n\n<li>Cristina Vidal<\/li>\n<\/ul>\n","protected":false},"excerpt":{"rendered":"<p>A continuaci\u00f3n se listan los profesores participantes en el proyecto ESTALMAT en Castilla-La Mancha. Albacete: Ciudad Real<\/p>\n","protected":false},"author":1,"featured_media":0,"parent":0,"menu_order":0,"comment_status":"closed","ping_status":"closed","template":"","meta":{"_editorskit_title_hidden":false,"_editorskit_reading_time":0,"_editorskit_is_block_options_detached":false,"_editorskit_block_options_position":"{}","_uag_custom_page_level_css":"","footnotes":""},"class_list":["post-20","page","type-page","status-publish","hentry"],"uagb_featured_image_src":{"full":false,"thumbnail":false,"medium":false,"medium_large":false,"large":false,"1536x1536":false,"2048x2048":false},"uagb_author_info":{"display_name":"earanda","author_link":"https:\/\/matematicas.uclm.es\/estalmat\/?author=1"},"uagb_comment_info":0,"uagb_excerpt":"A continuaci\u00f3n se listan los profesores participantes en el proyecto ESTALMAT en Castilla-La Mancha. Albacete: Ciudad Real","_links":{"self":[{"href":"https:\/\/matematicas.uclm.es\/estalmat\/index.php?rest_route=\/wp\/v2\/pages\/20","targetHints":{"allow":["GET"]}}],"collection":[{"href":"https:\/\/matematicas.uclm.es\/estalmat\/index.php?rest_route=\/wp\/v2\/pages"}],"about":[{"href":"https:\/\/matematicas.uclm.es\/estalmat\/index.php?rest_route=\/wp\/v2\/types\/page"}],"author":[{"embeddable":true,"href":"https:\/\/matematicas.uclm.es\/estalmat\/index.php?rest_route=\/wp\/v2\/users\/1"}],"replies":[{"embeddable":true,"href":"https:\/\/matematicas.uclm.es\/estalmat\/index.php?rest_route=%2Fwp%2Fv2%2Fcomments&post=20"}],"version-history":[{"count":3,"href":"https:\/\/matematicas.uclm.es\/estalmat\/index.php?rest_route=\/wp\/v2\/pages\/20\/revisions"}],"predecessor-version":[{"id":188,"href":"https:\/\/matematicas.uclm.es\/estalmat\/index.php?rest_route=\/wp\/v2\/pages\/20\/revisions\/188"}],"wp:attachment":[{"href":"https:\/\/matematicas.uclm.es\/estalmat\/index.php?rest_route=%2Fwp%2Fv2%2Fmedia&parent=20"}],"curies":[{"name":"wp","href":"https:\/\/api.w.org\/{rel}","templated":true}]}}