{"id":190,"date":"2026-04-21T10:55:28","date_gmt":"2026-04-21T10:55:28","guid":{"rendered":"https:\/\/matematicas.uclm.es\/estalmat\/?page_id=190"},"modified":"2026-04-21T15:26:41","modified_gmt":"2026-04-21T15:26:41","slug":"prueba-de-seleccion-curso-2026-27","status":"publish","type":"page","link":"https:\/\/matematicas.uclm.es\/estalmat\/?page_id=190","title":{"rendered":"Prueba de selecci\u00f3n curso 2026-27"},"content":{"rendered":"\n<p class=\"has-text-align-center\"><a href=\"https:\/\/matematicas.uclm.es\/estalmat\/wp-content\/uploads\/2026\/04\/Convocatoria_2026.pdf\">Convocatoria ESTALMAT 2026<\/a><\/p>\n\n\n\n<p class=\"has-text-align-justify\">Para presentarse a las pruebas de selecci\u00f3n para el curso 2026-27 es necesario rellenar el formulario que sigue a continuaci\u00f3n, que permanecer\u00e1 abierto hasta el jueves 4 de junio.<\/p>\n\n\n\n<p class=\"has-text-align-justify\">La pruebas son exclusivas para los nacidos en <strong>2013 <\/strong>y <strong>2014<\/strong>, lo que deber\u00e1 acreditarse en el momento de la realizaci\u00f3n con la correspondiente documentaci\u00f3n (DNI, Pasaporte, Libro de Familia o similar).<\/p>\n\n\n\n<p>Pueden encontrar algunos ejemplos de pruebas de selecci\u00f3n en el siguiente <a rel=\"noreferrer noopener\" href=\"https:\/\/verso.mat.uam.es\/~eugenio.hernandez\/Estalmat-Materiales\/Indice.htm\" target=\"_blank\">enlace<\/a>.<\/p>\n\n\n\n<p>La prueba de selecci\u00f3n se llevar\u00e1 a cabo el <strong>s\u00e1bado 6 de junio<\/strong> a las 10:00. M\u00e1s adelante se confirmar\u00e1n los lugares de realizaci\u00f3n.<\/p>\n\n\n<div class='fluentform ff-default fluentform_wrapper_5 ffs_default_wrap'><form data-form_id=\"5\" id=\"fluentform_5\" class=\"frm-fluent-form fluent_form_5 ff-el-form-top ff_form_instance_5_1 ff-form-loading ffs_default\" data-form_instance=\"ff_form_instance_5_1\" method=\"POST\" ><fieldset  style=\"border: none!important;margin: 0!important;padding: 0!important;background-color: transparent!important;box-shadow: none!important;outline: none!important; min-inline-size: 100%;\">\n                    <legend class=\"ff_screen_reader_title\" style=\"display: block; margin: 0!important;padding: 0!important;height: 0!important;text-indent: -999999px;width: 0!important;overflow:hidden;\">Support Form (#5)<\/legend><p style=\"display: none !important;\" class=\"akismet-fields-container\" data-prefix=\"ak_\"><label>&#916;<textarea name=\"ak_hp_textarea\" cols=\"45\" rows=\"8\" maxlength=\"100\"><\/textarea><\/label><input type=\"hidden\" id=\"ak_js_1\" name=\"ak_js\" value=\"242\"\/><script>document.getElementById( \"ak_js_1\" ).setAttribute( \"value\", ( new Date() ).getTime() );<\/script><\/p><input type='hidden' name='__fluent_form_embded_post_id' value='190' \/><input type=\"hidden\" id=\"_fluentform_5_fluentformnonce\" name=\"_fluentform_5_fluentformnonce\" value=\"53fb19e0c8\" \/><input type=\"hidden\" name=\"_wp_http_referer\" value=\"\/estalmat\/index.php?rest_route=%2Fwp%2Fv2%2Fpages%2F190\" \/><div data-type=\"name-element\" data-name=\"names\" class=\" ff-field_container ff-name-field-wrapper\" ><div class='ff-t-container'><div class='ff-t-cell '><div class='ff-el-group'><div class=\"ff-el-input--label ff-el-is-required asterisk-right\"><label for='ff_5_names_first_name_' id='label_ff_5_names_first_name_' >Nombre<\/label><\/div><div class='ff-el-input--content'><input type=\"text\" name=\"names[first_name]\" id=\"ff_5_names_first_name_\" class=\"ff-el-form-control\" aria-invalid=\"false\" aria-required=true><\/div><\/div><\/div><div class='ff-t-cell '><div class='ff-el-group'><div class=\"ff-el-input--label ff-el-is-required asterisk-right\"><label for='ff_5_names_last_name_' id='label_ff_5_names_last_name_' >Apellidos<\/label><\/div><div class='ff-el-input--content'><input type=\"text\" name=\"names[last_name]\" id=\"ff_5_names_last_name_\" class=\"ff-el-form-control\" aria-invalid=\"false\" aria-required=true><\/div><\/div><\/div><\/div><\/div><div class='ff-el-group'><div class=\"ff-el-input--label ff-el-is-required asterisk-right\"><label for='ff_5_email' id='label_ff_5_email' aria-label=\"Email\">Email<\/label><\/div><div class='ff-el-input--content'><input type=\"email\" name=\"email\" id=\"ff_5_email\" class=\"ff-el-form-control\" placeholder=\"you@domain.com\" data-name=\"email\"  aria-invalid=\"false\" aria-required=true><\/div><\/div><div class='ff-el-group'><div class=\"ff-el-input--label asterisk-right\"><label for='ff_5_phone' id='label_ff_5_phone' aria-label=\"Tel\u00e9fono de contacto\">Tel\u00e9fono de contacto<\/label><\/div><div class='ff-el-input--content'><input type=\"number\" name=\"phone\" id=\"ff_5_phone\" class=\"ff-el-form-control\" data-name=\"phone\" inputmode=\"numeric\" step=\"any\"  aria-invalid=\"false\" aria-required=false><\/div><\/div><div class='ff-el-group'><div class=\"ff-el-input--label ff-el-is-required asterisk-right\"><label for='ff_5_sede' id='label_ff_5_sede' aria-label=\"Sede donde desea realizar la prueba\">Sede donde desea realizar la prueba<\/label><\/div><div class='ff-el-input--content'><select name=\"sede\" id=\"ff_5_sede\" class=\"ff-el-form-control\" data-name=\"sede\" data-calc_value=\"0\"  aria-invalid=\"false\" aria-required=\"true\" aria-labelledby=\"label_ff_5_sede\"><option value=\"\">Selecciona sede<\/option><option value=\"Albacete\"  >Albacete<\/option><option value=\"Ciudad Real\"  >Ciudad Real<\/option><option value=\"Cuenca\"  >Cuenca<\/option><option value=\"Toledo\"  >Toledo<\/option><\/select><\/div><\/div><div class='ff-el-group'><div class=\"ff-el-input--label ff-el-is-required asterisk-right\"><label for='ff_5_date' id='label_ff_5_date' aria-label=\"Fecha de Nacimiento\">Fecha de Nacimiento<\/label><\/div><div class='ff-el-input--content'><input  aria-label='Fecha de Nacimiento Usa las flechas para navegar por las fechas. Pulsa Intro para seleccionar una fecha.'  aria-haspopup='dialog' data-type-datepicker data-format='d\/m\/Y' type=\"text\" name=\"date\" id=\"ff_5_date\" class=\"ff-el-form-control ff-el-datepicker\" placeholder=\"p.e. 28\/04\/2018\" data-name=\"date\"  aria-invalid='false' aria-required=true><\/div><\/div><div class='ff-el-group'><div class=\"ff-el-input--label asterisk-right\"><label for='ff_5_centro' id='label_ff_5_centro' aria-label=\"Centro de Estudios\">Centro de Estudios<\/label><\/div><div class='ff-el-input--content'><input type=\"text\" name=\"centro\" class=\"ff-el-form-control\" data-name=\"centro\" id=\"ff_5_centro\"  aria-invalid=\"false\" aria-required=false><\/div><\/div><div data-type=\"name-element\" data-name=\"city\" class=\" ff-field_container ff-name-field-wrapper\" ><div class='ff-t-container'><div class='ff-t-cell '><div class='ff-el-group'><div class=\"ff-el-input--label ff-el-is-required asterisk-right\"><label for='ff_5_city_first_name_' id='label_ff_5_city_first_name_' >Localidad del Centro de Estudios<\/label><\/div><div class='ff-el-input--content'><input type=\"text\" name=\"city[first_name]\" id=\"ff_5_city_first_name_\" class=\"ff-el-form-control\" aria-invalid=\"false\" aria-required=true><\/div><\/div><\/div><div class='ff-t-cell '><div class='ff-el-group'><div class=\"ff-el-input--label ff-el-is-required asterisk-right\"><label for='ff_5_city_last_name_' id='label_ff_5_city_last_name_' >Provincia<\/label><\/div><div class='ff-el-input--content'><input type=\"text\" name=\"city[last_name]\" id=\"ff_5_city_last_name_\" class=\"ff-el-form-control\" aria-invalid=\"false\" aria-required=true><\/div><\/div><\/div><\/div><\/div><div class='ff-el-group ff-text-left ff_submit_btn_wrapper'><button type=\"submit\" class=\"ff-btn ff-btn-submit ff-btn-md ff_btn_style\"  aria-label=\"Submit Form\">Submit Form<\/button><\/div><\/fieldset><\/form><div id='fluentform_5_errors' class='ff-errors-in-stack ff_form_instance_5_1 ff-form-loading_errors ff_form_instance_5_1_errors'><\/div><\/div>            <script type=\"text\/javascript\">\n                window.fluent_form_ff_form_instance_5_1 = {\"id\":\"5\",\"ajaxUrl\":\"https:\\\/\\\/matematicas.uclm.es\\\/estalmat\\\/wp-admin\\\/admin-ajax.php\",\"settings\":{\"layout\":{\"labelPlacement\":\"top\",\"helpMessagePlacement\":\"with_label\",\"errorMessagePlacement\":\"inline\",\"cssClassName\":\"\",\"asteriskPlacement\":\"asterisk-right\"},\"restrictions\":{\"denyEmptySubmission\":{\"enabled\":false}}},\"form_instance\":\"ff_form_instance_5_1\",\"form_id_selector\":\"fluentform_5\",\"rules\":{\"names[first_name]\":{\"required\":{\"value\":true,\"message\":\"Campo requerido\",\"global\":false,\"global_message\":\"Este campo es obligatorio\"}},\"names[middle_name]\":{\"required\":{\"value\":false,\"message\":\"This field is required\",\"global\":false,\"global_message\":\"Este campo es obligatorio\"}},\"names[last_name]\":{\"required\":{\"value\":true,\"message\":\"Campo requerido\",\"global\":false,\"global_message\":\"Este campo es obligatorio\"}},\"email\":{\"required\":{\"value\":true,\"message\":\"Email field is required\",\"global\":false,\"global_message\":\"Este campo es obligatorio\"},\"email\":{\"value\":true,\"message\":\"This field must contain a valid email\",\"global\":false,\"global_message\":\"Este campo debe contener un correo electr\\u00f3nico v\\u00e1lido\"}},\"phone\":{\"required\":{\"value\":false,\"message\":\"This field is required\",\"global\":false,\"global_message\":\"Este campo es obligatorio\"},\"numeric\":{\"value\":true,\"message\":\"Este campo debe contener valor num\\u00e9rico\",\"global\":false,\"global_message\":\"Este campo debe contener valor num\\u00e9rico\"},\"min\":{\"value\":\"\",\"message\":\"El valor m\\u00ednimo es \",\"global\":false,\"global_message\":\"La validaci\\u00f3n falla por el valor m\\u00ednimo\"},\"max\":{\"value\":\"\",\"message\":\"El valor m\\u00e1ximo es \",\"global\":false,\"global_message\":\"La validaci\\u00f3n falla por el valor m\\u00e1ximo\"},\"digits\":{\"value\":\"\",\"message\":\"The number of digits has to be \",\"global\":false,\"global_message\":\"La validaci\\u00f3n falla por d\\u00edgitos limitados\"}},\"sede\":{\"required\":{\"value\":true,\"message\":\"Department field is required\",\"global\":false,\"global_message\":\"Este campo es obligatorio\"}},\"date\":{\"required\":{\"value\":true,\"message\":\"La fecha de nacimiento es obligatoria\",\"global\":false,\"global_message\":\"Este campo es obligatorio\"}},\"centro\":{\"required\":{\"value\":false,\"message\":\"This field is required\",\"global\":false,\"global_message\":\"Este campo es obligatorio\"}},\"city[first_name]\":{\"required\":{\"value\":true,\"message\":\"Campo requerido\",\"global\":false,\"global_message\":\"Este campo es obligatorio\"}},\"city[middle_name]\":{\"required\":{\"value\":false,\"message\":\"This field is required\",\"global\":false,\"global_message\":\"Este campo es obligatorio\"}},\"city[last_name]\":{\"required\":{\"value\":true,\"message\":\"Campo requerido\",\"global\":false,\"global_message\":\"Este campo es obligatorio\"}}},\"debounce_time\":300};\n                            <\/script>\n            \n\n\n\n<p><\/p>\n","protected":false},"excerpt":{"rendered":"<p>Convocatoria ESTALMAT 2026 Para presentarse a las pruebas de selecci\u00f3n para el curso 2026-27 es necesario rellenar el formulario que sigue a continuaci\u00f3n, que permanecer\u00e1 abierto hasta el jueves 4 de junio. La pruebas son exclusivas para los nacidos en 2013 y 2014, lo que deber\u00e1 acreditarse en el momento de la realizaci\u00f3n con la [&hellip;]<\/p>\n","protected":false},"author":1,"featured_media":0,"parent":0,"menu_order":0,"comment_status":"closed","ping_status":"closed","template":"","meta":{"_editorskit_title_hidden":false,"_editorskit_reading_time":0,"_editorskit_is_block_options_detached":false,"_editorskit_block_options_position":"{}","_uag_custom_page_level_css":"","footnotes":""},"class_list":["post-190","page","type-page","status-publish","hentry"],"uagb_featured_image_src":{"full":false,"thumbnail":false,"medium":false,"medium_large":false,"large":false,"1536x1536":false,"2048x2048":false},"uagb_author_info":{"display_name":"earanda","author_link":"https:\/\/matematicas.uclm.es\/estalmat\/?author=1"},"uagb_comment_info":0,"uagb_excerpt":"Convocatoria ESTALMAT 2026 Para presentarse a las pruebas de selecci\u00f3n para el curso 2026-27 es necesario rellenar el formulario que sigue a continuaci\u00f3n, que permanecer\u00e1 abierto hasta el jueves 4 de junio. La pruebas son exclusivas para los nacidos en 2013 y 2014, lo que deber\u00e1 acreditarse en el momento de la realizaci\u00f3n con la&hellip;","_links":{"self":[{"href":"https:\/\/matematicas.uclm.es\/estalmat\/index.php?rest_route=\/wp\/v2\/pages\/190","targetHints":{"allow":["GET"]}}],"collection":[{"href":"https:\/\/matematicas.uclm.es\/estalmat\/index.php?rest_route=\/wp\/v2\/pages"}],"about":[{"href":"https:\/\/matematicas.uclm.es\/estalmat\/index.php?rest_route=\/wp\/v2\/types\/page"}],"author":[{"embeddable":true,"href":"https:\/\/matematicas.uclm.es\/estalmat\/index.php?rest_route=\/wp\/v2\/users\/1"}],"replies":[{"embeddable":true,"href":"https:\/\/matematicas.uclm.es\/estalmat\/index.php?rest_route=%2Fwp%2Fv2%2Fcomments&post=190"}],"version-history":[{"count":4,"href":"https:\/\/matematicas.uclm.es\/estalmat\/index.php?rest_route=\/wp\/v2\/pages\/190\/revisions"}],"predecessor-version":[{"id":217,"href":"https:\/\/matematicas.uclm.es\/estalmat\/index.php?rest_route=\/wp\/v2\/pages\/190\/revisions\/217"}],"wp:attachment":[{"href":"https:\/\/matematicas.uclm.es\/estalmat\/index.php?rest_route=%2Fwp%2Fv2%2Fmedia&parent=190"}],"curies":[{"name":"wp","href":"https:\/\/api.w.org\/{rel}","templated":true}]}}